 remainder when a is divided by 25.
24
Suppose 0 = -3*y + y + 14. Let p(k) = 2*k**2 + 56*k + 114. Let d be p(-26). What is the remainder when (6 - (-46)/d) + 6/15 is divided by y?
4
Suppose 4*z + 16 = -4*s, -5*s + 25 = -6*z + 2*z. What is the remainder when s/(6 + (-7195)/1200) is divided by 27?
24
Let z = -38 - -30. Calculate the remainder when 19 is divided by (-46)/z + 3 + 22/(-8).
1
Suppose 100*y - 10593 - 75760 = -9253. Calculate the remainder when y is divided by 129.
126
Let w be 3*5013/(-54)*16/(-4). Suppose -1121*q = -w*q - 42. Let v = 133 + -88. What is the remainder when v is divided by q?
3
Suppose n + 11 = 2*u, -2*n + 18 = 111*u - 107*u. What is the remainder when 274 is divided by -7 + -2 - (-44 - u)?
34
Let l = 28 - 16. Let h be (4/6*-1)/(10/(-375)). Suppose -26*o = -h*o - 3. Calculate the remainder when l is divided by o.
0
Let z(t) = 2*t**2 + 8*t - 8. Let g be z(-10). Let a be (135/(-20))/(-9)*g. Suppose 54 = -y + a. Calculate the remainder when y is divided by 4.
2
Suppose -25*t + 78 = -22*t - 3*u, -5*t + 109 = 2*u. Suppose -5*i - 20 = -5*z, 2*z = -z + 2*i + 7. What is the remainder when (25 - z)/(2/7) is divided by t?
22
Calculate the remainder when 760/6 - (-1190)/510 is divided by 26.
25
Let f(i) = 13*i - 4. Let d = 313 + -686. Let c = -348 - d. Calculate the remainder when f(6) is divided by c.
24
Suppose -200 = -4*v + 2*t + 2*t, v + 4*t - 70 = 0. Let u(d) = -d**2 + 2*d. Let m be u(-5). Let r = m + v. Calculate the remainder when r is divided by 5.
4
Let a be 26 + -23 + 2 + 65. Let o = 31 - 13. Calculate the remainder when o is divided by 6/(120/a)*16/7.
2
Let f = 719 - 685. Let n(y) = -48*y + 370. What is the remainder when n(0) is divided by f?
30
Suppose 33*d = 29*d + 1060. Suppose -d = -5*a + 45. Calculate the remainder when a is divided by 46.
16
What is the remainder when 847 is divided by 1/(-5) - (2457/(-135) - (2 - -3))?
19
Calculate the remainder when 18*-1721*((-20)/72 - 5/90) is divided by 123.
117
Suppose 3*p - 3*s - 51 = 0, -322*p + 324*p = -4*s + 22. What is the remainder when 1229 is divided by p?
14
Suppose 2*j = -l + 156, -154 = -2*j + 9*l - 11*l. What is the remainder when j is divided by 15?
4
Suppose -c = 99 - 312. Suppose 40209*t + 5440 = 40305*t - 416. What is the remainder when c is divided by t?
30
Let y = 39618 + -36903. What is the remainder when y is divided by 56?
27
Suppose 0 = 5*h + 5, 3*d = d + h + 9. What is the remainder when 7 is divided by (3 - 26/d - -3)*-10?
2
Let n = -485 - 319. Let u = n + 808. Calculate the remainder when 175 is divided by u.
3
Suppose 0*b + 4*f = 2*b - 86, 3*b - f - 114 = 0. Let x = 6 - 2. What is the remainder when b is divided by x*33/12 + (2 - 3)?
7
Let u = -339 - -341. Suppose -u*j + 869 = -161. What is the remainder when j is divided by 74?
71
Let s(n) = 2*n**2 + 468*n + 4551. Calculate the remainder when 434 is divided by s(-10).
8
Let p = 320 + -163. Suppose -51 = -4*r + p. Suppose -2*q - 30 = -7*q. Calculate the remainder when r is divided by q.
4
Suppose -6*v + 3*v - p + 3769 = 0, -2*v + 4*p + 2522 = 0. What is the remainder when v is divided by 7?
4
Let l = 26 + -18. Calculate the remainder when 1997/21 - 2 - (-540)/(-5670) is divided by l.
5
Let i(a) = a**2 - 6*a + 12. Let z be i(5). Suppose -3*t + z*t = 48. Suppose -24 = t*u - 15*u. Calculate the remainder when 30 is divided by u.
6
Suppose 17*k + 594 = 8*k. Let l = 82 + k. Calculate the remainder when 60 is divided by l.
12
Let c(y) = -y**2 - 6*y + 4. Let t be c(-6). Suppose 0 = -5*a + t*l - 10, -3*l - 10 = 5*a - 0. What is the remainder when a - 3/((-12)/272) is divided by 23?
20
Let j = 3782 + 364. Calculate the remainder when j is divided by 1379.
9
Suppose 0*h + h + 182 = -5*u, 0 = -3*u. Let m = h - -198. What is the remainder when 76 is divided by m?
12
Let f(v) = -v - 14*v - 231*v**2 - 20 + 232*v**2. Let a be f(16). Calculate the remainder when 8 is divided by -1 - -1 - 3 - (a + -2).
2
Calculate the remainder when 2587 is divided by 142 - (-126)/(-28)*8/(-18).
139
Let q(i) = 5052*i + 386. Calculate the remainder when q(2) is divided by 106.
102
Let y be -15 - (9 + -4 - 2). Let h be ((-140)/15)/4*y*3. Suppose -5*k - 2*k + h = 0. What is the remainder when 86 is divided by k?
14
Suppose 10 = -4*p + 22. Let t = 8688 + -8539. What is the remainder when t is divided by p?
2
Let r(l) = 4*l**2 - 2. Let w(h) = -58*h - 88. Let b be w(-2). Suppose b*n = 683 + 45. What is the remainder when r(5) is divided by n?
20
Suppose 0 = -34*k - 948 + 1458. Calculate the remainder when 354 is divided by k.
9
Let b be (-72)/7 + (-4)/(-14). Let d(z) = z**3 + 9*z**2 - 13*z - 8. Suppose 85 = 2*g - 45. What is the remainder when g is divided by d(b)?
21
Suppose -4*u - 4*g - 34 = -2*u, -3*u + g - 86 = 0. Let w = u - -77. Suppose f - 7 = 5*i, 4*f - 4*i - 13 = 47. What is the remainder when w is divided by f?
16
Let j = -3059 - -3075. Let m(y) = -4*y + 9. What is the remainder when m(-5) is divided by j?
13
Let y = -269 + 511. Let t = 250 - y. Suppose -3 = 4*k - 5*k. Calculate the remainder when t is divided by k.
2
Suppose 0 = -4*n + 12, -57 = 3*i + 2*n + 3*n. Let u be 12/10*(-60)/i. Suppose -3*a + 108 = u*a. Calculate the remainder when 88 is divided by a.
16
Let u(r) = 4*r**2 - 37*r + 1525. What is the remainder when u(19) is divided by 53?
40
Suppose -8*s - 10*s + 11956 = 2470. Calculate the remainder when s is divided by 21.
2
Suppose -5*r - 4*k - 120 = -5, -4*k = -2*r - 74. Suppose -4*w - n - 92 = 0, 3*n = w + w + 32. Let j = w - r. Calculate the remainder when 8 is divided by j.
3
Suppose -2*u + 68 = -5*s, 3*u - 90 = 4*s - 2. Suppose -k = m - 434, -k + 147 = -m - 281. Calculate the remainder when k is divided by u.
23
Let o = -110 + 275. What is the remainder when o is divided by (4/(-6))/((-2)/129)?
36
Suppose 2*i = 3*z - 1112, 1640 + 197 = 5*z - i. What is the remainder when z is divided by 2?
0
Suppose 2*r + 3*k - 4380 = 2030, -5*k - 15975 = -5*r. What is the remainder when r is divided by 80?
79
Suppose 31 - 55 = -6*q. Suppose -7 = h - n + 52, -q*h + 3*n = 240. Let c = 34 - h. Calculate the remainder when c is divided by 14.
13
Let o(r) = r**2 + 6*r + 10. Let j = -385 + 409. What is the remainder when j is divided by o(-4)?
0
Suppose 5*j - 3*v = 66, 6*j - 21 = 4*j + 3*v. Suppose 2*r = 5*r + j. What is the remainder when 64 is divided by 18/(r/(-1 - 4))?
10
Suppose -j - 188 = -39*i + 36*i, 5*i - 312 = j. Suppose -i + 210 = 4*f. What is the remainder when f is divided by 7?
2
Suppose -6*y = -2*y - 8. Let f = 5931 - 5929. Suppose y*h + 7 = 3*p, -1 = f*p - 3*p + h. What is the remainder when p is divided by 5?
0
Suppose -y + 2024 = 5*q, q + 26 = 4*y + 414. Calculate the remainder when q is divided by 16.
4
Let v = 6795 + -6768. Calculate the remainder when 1499 is divided by v.
14
Let i(j) = 2*j**3 + 17*j**2 - j + 33. Let m = -663 + 655. What is the remainder when 1153 is divided by i(m)?
103
Let x = 184 + -190. Calculate the remainder when 143 is divided by ((-45)/70*12)/(x/28).
35
Let t(u) = -32 + u + u + 62 + 11*u**2 - 32. Calculate the remainder when (-200)/(-6) + 4/6 is divided by t(1).
1
Let p(q) = -q + 298. What is the remainder when p(19) is divided by 346/10 - 2/(-5)?
34
Suppose o + 3*w + 10 = 6, 3*o = w + 8. Let s(c) = 5*c - 38. Let z be (6/4)/(12/112). What is the remainder when s(z) is divided by o?
0
Let p = -495 - -344. Let i = 184 + p. Calculate the remainder when 164 is divided by i.
32
Let h(d) = 10*d**2 - 12*d - 5*d**2 + 3 + 0 + 15*d + d**3. Suppose 3*s = 16 + 65. What is the remainder when s is divided by h(-4)?
6
Let m(x) = 32*x**2 + 5*x - 3. What is the remainder when 1240 is divided by m(-1)?
16
Let g be -4 + (-45)/(-10) + (-10)/(-4). Suppose -g*w - 3*n = -87, -2*w + 4*n = 2*w - 116. What is the remainder when 56 is divided by 2*-2 + -5 + w?
16
Let d be (3 - 2 - 0)*3. Suppose 2*t = t + 4*c + 21, 2*t = -c - d. Calculate the remainder when ((-179)/3)/(t - 16/12) is divided by 26.
23
Suppose 338 - 6258 = -185*l. Calculate the remainder when 618 is divided by l.
10
Suppose -8 = 2*a - 3*g, a - 16 = 5*a + 5*g. Calculate the remainder when 12 is divided by 418/110 + a/5.
0
Suppose -3*u + 384 = -483. Suppose 10*h - u = -7*h. Suppose h*f - 430 = 12*f. Calculate the remainder when f is divided by 30.
